{"id":566,"date":"2021-10-08T10:44:28","date_gmt":"2021-10-08T10:44:28","guid":{"rendered":"https:\/\/feriaentidadestetuan.com\/?page_id=566"},"modified":"2023-10-16T11:04:42","modified_gmt":"2023-10-16T11:04:42","slug":"feria-presencial","status":"publish","type":"page","link":"https:\/\/feriaentidadestetuan.com\/?page_id=566","title":{"rendered":"Feria Presencial"},"content":{"rendered":"<p>[et_pb_section fb_built=\u00bb1&#8243; fullwidth=\u00bbon\u00bb _builder_version=\u00bb4.10.8&#8243; background_color=\u00bb#ff8f1d\u00bb global_colors_info=\u00bb{}\u00bb][et_pb_fullwidth_header title=\u00bbFeria Presencial\u00bb content_max_width=\u00bbnone\u00bb _builder_version=\u00bb4.10.8&#8243; background_color=\u00bbrgba(255, 255, 255, 0)\u00bb global_colors_info=\u00bb{}\u00bb button_one_text_size__hover_enabled=\u00bboff\u00bb button_two_text_size__hover_enabled=\u00bboff\u00bb button_one_text_color__hover_enabled=\u00bboff\u00bb button_two_text_color__hover_enabled=\u00bboff\u00bb button_one_border_width__hover_enabled=\u00bboff\u00bb button_two_border_width__hover_enabled=\u00bboff\u00bb button_one_border_color__hover_enabled=\u00bboff\u00bb button_two_border_color__hover_enabled=\u00bboff\u00bb button_one_border_radius__hover_enabled=\u00bboff\u00bb button_two_border_radius__hover_enabled=\u00bboff\u00bb button_one_letter_spacing__hover_enabled=\u00bboff\u00bb button_two_letter_spacing__hover_enabled=\u00bboff\u00bb button_one_bg_color__hover_enabled=\u00bboff\u00bb button_two_bg_color__hover_enabled=\u00bboff\u00bb][\/et_pb_fullwidth_header][\/et_pb_section][et_pb_section fb_built=\u00bb1&#8243; _builder_version=\u00bb4.10.8&#8243; global_colors_info=\u00bb{}\u00bb][et_pb_row column_structure=\u00bb1_2,1_2&#8243; make_equal=\u00bbon\u00bb _builder_version=\u00bb4.10.8&#8243; _module_preset=\u00bbdefault\u00bb module_alignment=\u00bbcenter\u00bb custom_margin=\u00bb|auto|101px|auto||\u00bb custom_padding=\u00bb||0px|||\u00bb global_colors_info=\u00bb{}\u00bb][et_pb_column type=\u00bb1_2&#8243; _builder_version=\u00bb4.10.8&#8243; _module_preset=\u00bbdefault\u00bb global_colors_info=\u00bb{}\u00bb][et_pb_text _builder_version=\u00bb4.10.8&#8243; _module_preset=\u00bbdefault\u00bb global_colors_info=\u00bb{}\u00bb]<\/p>\n<h1><strong>FERIA PRESENCIAL <span style=\"font-size: xx-large;\">\u00ab<span style=\"color: #0c71c3;\">cuida<\/span><span style=\"color: #ff8e2e;\">TE<\/span><span style=\"color: #0c71c3;\">tu\u00e1n<\/span>\u00ab<\/span><br \/><\/strong><\/h1>\n<p>&nbsp;<\/p>\n<p><span style=\"color: #0c71c3;\"><strong><span style=\"font-size: x-large;\">\u00bfCu\u00e1ndo?<\/span><\/strong><\/span><\/p>\n<h3><strong>21 OCTUBRE de 2022 de 11h a 14h<\/strong><\/h3>\n<p><strong><\/strong><\/p>\n<p><strong><\/strong><\/p>\n<p><strong><\/strong><\/p>\n<p><span style=\"color: #0c71c3;\"><strong><span style=\"font-size: x-large;\">\u00bfD\u00f3nde?<\/span><\/strong><\/span><\/p>\n<h3><strong>PLAZA de la REMONTA\u00a0<br \/><\/strong><\/h3>\n<p>&nbsp;<\/p>\n<p>[\/et_pb_text][\/et_pb_column][et_pb_column type=\u00bb1_2&#8243; _builder_version=\u00bb4.10.8&#8243; _module_preset=\u00bbdefault\u00bb global_colors_info=\u00bb{}\u00bb][et_pb_image src=\u00bbhttps:\/\/feriaentidadestetuan.com\/wp-content\/uploads\/2023\/07\/Cartel-Feria-entidades-2023-verde-1.jpg\u00bb title_text=\u00bbCartel Feria entidades 2023 verde (1)\u00bb _builder_version=\u00bb4.10.8&#8243; _module_preset=\u00bbdefault\u00bb box_shadow_style=\u00bbpreset1&#8243; box_shadow_horizontal=\u00bb18px\u00bb box_shadow_vertical=\u00bb17px\u00bb box_shadow_blur=\u00bb11px\u00bb global_colors_info=\u00bb{}\u00bb][\/et_pb_image][\/et_pb_column][\/et_pb_row][et_pb_row _builder_version=\u00bb4.10.8&#8243; _module_preset=\u00bbdefault\u00bb][et_pb_column _builder_version=\u00bb4.10.8&#8243; _module_preset=\u00bbdefault\u00bb type=\u00bb4_4&#8243;][et_pb_video src=\u00bbhttps:\/\/feriaentidadestetuan.com\/wp-content\/uploads\/2023\/10\/FERIA-video-4-VERT.mp4&#8243; _builder_version=\u00bb4.10.8&#8243; _module_preset=\u00bbdefault\u00bb title_text=\u00bbFERIA video 4 VERT\u00bb width=\u00bb30%\u00bb max_width=\u00bb28%\u00bb module_alignment=\u00bbleft\u00bb min_height=\u00bb144px\u00bb height=\u00bb561px\u00bb hover_enabled=\u00bb0&#8243; sticky_enabled=\u00bb0&#8243;][\/et_pb_video][\/et_pb_column][\/et_pb_row][et_pb_row column_structure=\u00bb1_2,1_2&#8243; make_equal=\u00bbon\u00bb _builder_version=\u00bb4.10.8&#8243; _module_preset=\u00bbdefault\u00bb module_alignment=\u00bbcenter\u00bb custom_margin=\u00bb-364px|auto||auto||\u00bb custom_padding=\u00bb28px||0px|0px||\u00bb global_colors_info=\u00bb{}\u00bb][et_pb_column type=\u00bb1_2&#8243; _builder_version=\u00bb4.10.8&#8243; _module_preset=\u00bbdefault\u00bb global_colors_info=\u00bb{}\u00bb][et_pb_text _builder_version=\u00bb4.10.8&#8243; _module_preset=\u00bbdefault\u00bb custom_margin=\u00bb||100px|||\u00bb global_colors_info=\u00bb{}\u00bb]<\/p>\n<h2><strong>HORARIO DE ACTIVIDADES<\/strong><\/h2>\n<p>Toda la ma\u00f1ana, podr\u00e1s participar en diferentes talleres y actividades. Adem\u00e1s podr\u00e1s conocer a las asociaciones y entidades y podr\u00e1s llevarte un regalo de reucuerdo!.\u00a0\u00a0<\/p>\n<p style=\"text-align: left;\"><strong><\/strong><\/p>\n<p style=\"text-align: left;\">\n<p>[\/et_pb_text][\/et_pb_column][et_pb_column type=\u00bb1_2&#8243; _builder_version=\u00bb4.10.8&#8243; _module_preset=\u00bbdefault\u00bb global_colors_info=\u00bb{}\u00bb][et_pb_text _builder_version=\u00bb4.10.8&#8243; _module_preset=\u00bbdefault\u00bb custom_margin=\u00bb||100px|||\u00bb global_colors_info=\u00bb{}\u00bb]<\/p>\n<h2><strong>HORARIO DE ACTUACIONES<\/strong><\/h2>\n<p>En el Escenario de Plaza de la Remonta:<\/p>\n<p>&nbsp;<\/p>\n<p>12h: LAS MAYORES TAMBI\u00c9N CUENTAN<\/p>\n<p>13.30h: ACCI\u00d3N SOCIAL POR LA M\u00daSICA<\/p>\n<p>&nbsp;<\/p>\n<p style=\"text-align: left;\"><strong><\/strong><\/p>\n<p style=\"text-align: left;\"><strong><\/strong><\/p>\n<p>[\/et_pb_text][\/et_pb_column][\/et_pb_row][et_pb_row make_equal=\u00bbon\u00bb _builder_version=\u00bb4.10.8&#8243; _module_preset=\u00bbdefault\u00bb module_alignment=\u00bbcenter\u00bb custom_padding=\u00bb||0px|||\u00bb global_colors_info=\u00bb{}\u00bb][et_pb_column type=\u00bb4_4&#8243; _builder_version=\u00bb4.10.8&#8243; _module_preset=\u00bbdefault\u00bb global_colors_info=\u00bb{}\u00bb][et_pb_text _builder_version=\u00bb4.10.8&#8243; _module_preset=\u00bbdefault\u00bb global_colors_info=\u00bb{}\u00bb]<\/p>\n<h2><strong>UBICACI\u00d3N DE LA FERIA PRESENCIAL<\/strong><\/h2>\n<p>[\/et_pb_text][\/et_pb_column][\/et_pb_row][et_pb_row column_structure=\u00bb1_2,1_2&#8243; make_equal=\u00bbon\u00bb _builder_version=\u00bb4.10.8&#8243; _module_preset=\u00bbdefault\u00bb module_alignment=\u00bbcenter\u00bb custom_padding=\u00bb||0px|||\u00bb global_colors_info=\u00bb{}\u00bb][et_pb_column type=\u00bb1_2&#8243; _builder_version=\u00bb4.10.8&#8243; _module_preset=\u00bbdefault\u00bb global_colors_info=\u00bb{}\u00bb][et_pb_text _builder_version=\u00bb4.10.8&#8243; _module_preset=\u00bbdefault\u00bb global_colors_info=\u00bb{}\u00bb]<\/p>\n<h4 jstcache=\"38\" class=\"x3AX1-LfntMc-header-title-title gm2-headline-5\" jsan=\"7.x3AX1-LfntMc-header-title-title,7.gm2-headline-5\"><span jstcache=\"39\"><strong>Plaza de la Remonta<\/strong><\/span><\/h4>\n<p><span jstcache=\"39\">\u00a0<\/span><\/p>\n<p>[\/et_pb_text][\/et_pb_column][et_pb_column type=\u00bb1_2&#8243; _builder_version=\u00bb4.10.8&#8243; _module_preset=\u00bbdefault\u00bb global_colors_info=\u00bb{}\u00bb][et_pb_text _builder_version=\u00bb4.10.8&#8243; _module_preset=\u00bbdefault\u00bb global_colors_info=\u00bb{}\u00bb]<\/p>\n<p>Direcci\u00f3n Google Maps: <strong><a href=\"https:\/\/goo.gl\/maps\/o6TLUrLGFkMM19XP9\">Feria presencial Tetu\u00e1n<\/a><\/strong><\/p>\n<p>[\/et_pb_text][\/et_pb_column][\/et_pb_row][et_pb_row make_equal=\u00bbon\u00bb _builder_version=\u00bb4.10.8&#8243; _module_preset=\u00bbdefault\u00bb module_alignment=\u00bbcenter\u00bb custom_padding=\u00bb35px||0px|||\u00bb global_colors_info=\u00bb{}\u00bb][et_pb_column type=\u00bb4_4&#8243; _builder_version=\u00bb4.10.8&#8243; _module_preset=\u00bbdefault\u00bb global_colors_info=\u00bb{}\u00bb][et_pb_text _builder_version=\u00bb4.10.8&#8243; _module_preset=\u00bbdefault\u00bb global_colors_info=\u00bb{}\u00bb]<\/p>\n<h3>PLANO DE LA FERIA:<\/h3>\n<p>[\/et_pb_text][\/et_pb_column][\/et_pb_row][et_pb_row make_equal=\u00bbon\u00bb _builder_version=\u00bb4.10.8&#8243; _module_preset=\u00bbdefault\u00bb module_alignment=\u00bbcenter\u00bb custom_padding=\u00bb0px||0px|||\u00bb global_colors_info=\u00bb{}\u00bb][et_pb_column type=\u00bb4_4&#8243; _builder_version=\u00bb4.10.8&#8243; _module_preset=\u00bbdefault\u00bb global_colors_info=\u00bb{}\u00bb][et_pb_image src=\u00bbhttps:\/\/feriaentidadestetuan.com\/wp-content\/uploads\/2023\/07\/Plano-FERIA-2023-Remonta.jpg\u00bb title_text=\u00bbPlano FERIA 2023 Remonta\u00bb _builder_version=\u00bb4.10.8&#8243; _module_preset=\u00bbdefault\u00bb width=\u00bb81%\u00bb max_width=\u00bb78%\u00bb custom_padding=\u00bb0px|||||\u00bb global_colors_info=\u00bb{}\u00bb][\/et_pb_image][\/et_pb_column][\/et_pb_row][\/et_pb_section][et_pb_section fb_built=\u00bb1&#8243; _builder_version=\u00bb3.22&#8243; global_colors_info=\u00bb{}\u00bb][et_pb_row _builder_version=\u00bb4.10.8&#8243; _module_preset=\u00bbdefault\u00bb custom_padding=\u00bb11px||73px||false|\u00bb global_colors_info=\u00bb{}\u00bb][et_pb_column type=\u00bb4_4&#8243; _builder_version=\u00bb4.10.8&#8243; _module_preset=\u00bbdefault\u00bb global_colors_info=\u00bb{}\u00bb][et_pb_text _builder_version=\u00bb4.10.8&#8243; _module_preset=\u00bbdefault\u00bb text_font_size=\u00bb86px\u00bb min_height=\u00bb35px\u00bb global_colors_info=\u00bb{}\u00bb]<\/p>\n<p style=\"text-align: center;\"><span style=\"color: #993300;\"><strong>\u00a1Te Esperamos!<\/strong><\/span><\/p>\n<p>[\/et_pb_text][\/et_pb_column][\/et_pb_row][\/et_pb_section]<\/p>\n","protected":false},"excerpt":{"rendered":"<p>FERIA PRESENCIAL \u00abcuidaTEtu\u00e1n\u00bb &nbsp; \u00bfCu\u00e1ndo? 21 OCTUBRE de 2022 de 11h a 14h \u00bfD\u00f3nde? PLAZA de la REMONTA\u00a0 &nbsp;HORARIO DE ACTIVIDADES Toda la ma\u00f1ana, podr\u00e1s participar en diferentes talleres y actividades. Adem\u00e1s podr\u00e1s conocer a las asociaciones y entidades y podr\u00e1s llevarte un regalo de reucuerdo!.\u00a0\u00a0 HORARIO DE ACTUACIONES En el Escenario de Plaza de [&hellip;]<\/p>\n","protected":false},"author":3,"featured_media":671,"parent":0,"menu_order":0,"comment_status":"closed","ping_status":"closed","template":"","meta":{"_et_pb_use_builder":"on","_et_pb_old_content":"","_et_gb_content_width":"","footnotes":""},"categories":[],"tags":[],"class_list":["post-566","page","type-page","status-publish","has-post-thumbnail","hentry"],"_links":{"self":[{"href":"https:\/\/feriaentidadestetuan.com\/index.php?rest_route=\/wp\/v2\/pages\/566","targetHints":{"allow":["GET"]}}],"collection":[{"href":"https:\/\/feriaentidadestetuan.com\/index.php?rest_route=\/wp\/v2\/pages"}],"about":[{"href":"https:\/\/feriaentidadestetuan.com\/index.php?rest_route=\/wp\/v2\/types\/page"}],"author":[{"embeddable":true,"href":"https:\/\/feriaentidadestetuan.com\/index.php?rest_route=\/wp\/v2\/users\/3"}],"replies":[{"embeddable":true,"href":"https:\/\/feriaentidadestetuan.com\/index.php?rest_route=%2Fwp%2Fv2%2Fcomments&post=566"}],"version-history":[{"count":26,"href":"https:\/\/feriaentidadestetuan.com\/index.php?rest_route=\/wp\/v2\/pages\/566\/revisions"}],"predecessor-version":[{"id":1140,"href":"https:\/\/feriaentidadestetuan.com\/index.php?rest_route=\/wp\/v2\/pages\/566\/revisions\/1140"}],"wp:featuredmedia":[{"embeddable":true,"href":"https:\/\/feriaentidadestetuan.com\/index.php?rest_route=\/wp\/v2\/media\/671"}],"wp:attachment":[{"href":"https:\/\/feriaentidadestetuan.com\/index.php?rest_route=%2Fwp%2Fv2%2Fmedia&parent=566"}],"wp:term":[{"taxonomy":"category","embeddable":true,"href":"https:\/\/feriaentidadestetuan.com\/index.php?rest_route=%2Fwp%2Fv2%2Fcategories&post=566"},{"taxonomy":"post_tag","embeddable":true,"href":"https:\/\/feriaentidadestetuan.com\/index.php?rest_route=%2Fwp%2Fv2%2Ftags&post=566"}],"curies":[{"name":"wp","href":"https:\/\/api.w.org\/{rel}","templated":true}]}}

<p>[et_pb_section fb_built=»1&#8243; fullwidth=»on» _builder_version=»4.10.8&#8243; background_color=»#ff8f1d» global_colors_info=»{}»][et_pb_fullwidth_header title=»Feria Presencial» content_max_width=»none» _builder_version=»4.10.8&#8243; background_color=»rgba(255, 255, 255, 0)» global_colors_info=»{}» button_one_text_size__hover_enabled=»off» button_two_text_size__hover_enabled=»off» button_one_text_color__hover_enabled=»off» button_two_text_color__hover_enabled=»off» button_one_border_width__hover_enabled=»off» button_two_border_width__hover_enabled=»off» button_one_border_color__hover_enabled=»off» button_two_border_color__hover_enabled=»off» button_one_border_radius__hover_enabled=»off» button_two_border_radius__hover_enabled=»off» button_one_letter_spacing__hover_enabled=»off» button_two_letter_spacing__hover_enabled=»off» button_one_bg_color__hover_enabled=»off» button_two_bg_color__hover_enabled=»off»][/et_pb_fullwidth_header][/et_pb_section][et_pb_section fb_built=»1&#8243; _builder_version=»4.10.8&#8243; global_colors_info=»{}»][et_pb_row column_structure=»1_2,1_2&#8243; make_equal=»on» _builder_version=»4.10.8&#8243; _module_preset=»default» module_alignment=»center» custom_margin=»|auto|101px|auto||» custom_padding=»||0px|||» global_colors_info=»{}»][et_pb_column type=»1_2&#8243; _builder_version=»4.10.8&#8243; _module_preset=»default» global_colors_info=»{}»][et_pb_text _builder_version=»4.10.8&#8243; _module_preset=»default» global_colors_info=»{}»]</p>
<h1><strong>FERIA PRESENCIAL <span style="font-size: xx-large;">«<span style="color: #0c71c3;">cuida</span><span style="color: #ff8e2e;">TE</span><span style="color: #0c71c3;">tuán</span>«</span><br /></strong></h1>
<p>&nbsp;</p>
<p><span style="color: #0c71c3;"><strong><span style="font-size: x-large;">¿Cuándo?</span></strong></span></p>
<h3><strong>21 OCTUBRE de 2022 de 11h a 14h</strong></h3>
<p><strong></strong></p>
<p><strong></strong></p>
<p><strong></strong></p>
<p><span style="color: #0c71c3;"><strong><span style="font-size: x-large;">¿Dónde?</span></strong></span></p>
<h3><strong>PLAZA de la REMONTA <br /></strong></h3>
<p>&nbsp;</p>
<p>[/et_pb_text][/et_pb_column][et_pb_column type=»1_2&#8243; _builder_version=»4.10.8&#8243; _module_preset=»default» global_colors_info=»{}»][et_pb_image src=»https://feriaentidadestetuan.com/wp-content/uploads/2023/07/Cartel-Feria-entidades-2023-verde-1.jpg» title_text=»Cartel Feria entidades 2023 verde (1)» _builder_version=»4.10.8&#8243; _module_preset=»default» box_shadow_style=»preset1&#8243; box_shadow_horizontal=»18px» box_shadow_vertical=»17px» box_shadow_blur=»11px» global_colors_info=»{}»][/et_pb_image][/et_pb_column][/et_pb_row][et_pb_row _builder_version=»4.10.8&#8243; _module_preset=»default»][et_pb_column _builder_version=»4.10.8&#8243; _module_preset=»default» type=»4_4&#8243;][et_pb_video src=»https://feriaentidadestetuan.com/wp-content/uploads/2023/10/FERIA-video-4-VERT.mp4&#8243; _builder_version=»4.10.8&#8243; _module_preset=»default» title_text=»FERIA video 4 VERT» width=»30%» max_width=»28%» module_alignment=»left» min_height=»144px» height=»561px» hover_enabled=»0&#8243; sticky_enabled=»0&#8243;][/et_pb_video][/et_pb_column][/et_pb_row][et_pb_row column_structure=»1_2,1_2&#8243; make_equal=»on» _builder_version=»4.10.8&#8243; _module_preset=»default» module_alignment=»center» custom_margin=»-364px|auto||auto||» custom_padding=»28px||0px|0px||» global_colors_info=»{}»][et_pb_column type=»1_2&#8243; _builder_version=»4.10.8&#8243; _module_preset=»default» global_colors_info=»{}»][et_pb_text _builder_version=»4.10.8&#8243; _module_preset=»default» custom_margin=»||100px|||» global_colors_info=»{}»]</p>
<h2><strong>HORARIO DE ACTIVIDADES</strong></h2>
<p>Toda la mañana, podrás participar en diferentes talleres y actividades. Además podrás conocer a las asociaciones y entidades y podrás llevarte un regalo de reucuerdo!.  </p>
<p style="text-align: left;"><strong></strong></p>
<p style="text-align: left;">
<p>[/et_pb_text][/et_pb_column][et_pb_column type=»1_2&#8243; _builder_version=»4.10.8&#8243; _module_preset=»default» global_colors_info=»{}»][et_pb_text _builder_version=»4.10.8&#8243; _module_preset=»default» custom_margin=»||100px|||» global_colors_info=»{}»]</p>
<h2><strong>HORARIO DE ACTUACIONES</strong></h2>
<p>En el Escenario de Plaza de la Remonta:</p>
<p>&nbsp;</p>
<p>12h: LAS MAYORES TAMBIÉN CUENTAN</p>
<p>13.30h: ACCIÓN SOCIAL POR LA MÚSICA</p>
<p>&nbsp;</p>
<p style="text-align: left;"><strong></strong></p>
<p style="text-align: left;"><strong></strong></p>
<p>[/et_pb_text][/et_pb_column][/et_pb_row][et_pb_row make_equal=»on» _builder_version=»4.10.8&#8243; _module_preset=»default» module_alignment=»center» custom_padding=»||0px|||» global_colors_info=»{}»][et_pb_column type=»4_4&#8243; _builder_version=»4.10.8&#8243; _module_preset=»default» global_colors_info=»{}»][et_pb_text _builder_version=»4.10.8&#8243; _module_preset=»default» global_colors_info=»{}»]</p>
<h2><strong>UBICACIÓN DE LA FERIA PRESENCIAL</strong></h2>
<p>[/et_pb_text][/et_pb_column][/et_pb_row][et_pb_row column_structure=»1_2,1_2&#8243; make_equal=»on» _builder_version=»4.10.8&#8243; _module_preset=»default» module_alignment=»center» custom_padding=»||0px|||» global_colors_info=»{}»][et_pb_column type=»1_2&#8243; _builder_version=»4.10.8&#8243; _module_preset=»default» global_colors_info=»{}»][et_pb_text _builder_version=»4.10.8&#8243; _module_preset=»default» global_colors_info=»{}»]</p>
<h4 jstcache="38" class="x3AX1-LfntMc-header-title-title gm2-headline-5" jsan="7.x3AX1-LfntMc-header-title-title,7.gm2-headline-5"><span jstcache="39"><strong>Plaza de la Remonta</strong></span></h4>
<p><span jstcache="39"> </span></p>
<p>[/et_pb_text][/et_pb_column][et_pb_column type=»1_2&#8243; _builder_version=»4.10.8&#8243; _module_preset=»default» global_colors_info=»{}»][et_pb_text _builder_version=»4.10.8&#8243; _module_preset=»default» global_colors_info=»{}»]</p>
<p>Dirección Google Maps: <strong><a href="https://goo.gl/maps/o6TLUrLGFkMM19XP9">Feria presencial Tetuán</a></strong></p>
<p>[/et_pb_text][/et_pb_column][/et_pb_row][et_pb_row make_equal=»on» _builder_version=»4.10.8&#8243; _module_preset=»default» module_alignment=»center» custom_padding=»35px||0px|||» global_colors_info=»{}»][et_pb_column type=»4_4&#8243; _builder_version=»4.10.8&#8243; _module_preset=»default» global_colors_info=»{}»][et_pb_text _builder_version=»4.10.8&#8243; _module_preset=»default» global_colors_info=»{}»]</p>
<h3>PLANO DE LA FERIA:</h3>
<p>[/et_pb_text][/et_pb_column][/et_pb_row][et_pb_row make_equal=»on» _builder_version=»4.10.8&#8243; _module_preset=»default» module_alignment=»center» custom_padding=»0px||0px|||» global_colors_info=»{}»][et_pb_column type=»4_4&#8243; _builder_version=»4.10.8&#8243; _module_preset=»default» global_colors_info=»{}»][et_pb_image src=»https://feriaentidadestetuan.com/wp-content/uploads/2023/07/Plano-FERIA-2023-Remonta.jpg» title_text=»Plano FERIA 2023 Remonta» _builder_version=»4.10.8&#8243; _module_preset=»default» width=»81%» max_width=»78%» custom_padding=»0px|||||» global_colors_info=»{}»][/et_pb_image][/et_pb_column][/et_pb_row][/et_pb_section][et_pb_section fb_built=»1&#8243; _builder_version=»3.22&#8243; global_colors_info=»{}»][et_pb_row _builder_version=»4.10.8&#8243; _module_preset=»default» custom_padding=»11px||73px||false|» global_colors_info=»{}»][et_pb_column type=»4_4&#8243; _builder_version=»4.10.8&#8243; _module_preset=»default» global_colors_info=»{}»][et_pb_text _builder_version=»4.10.8&#8243; _module_preset=»default» text_font_size=»86px» min_height=»35px» global_colors_info=»{}»]</p>
<p style="text-align: center;"><span style="color: #993300;"><strong>¡Te Esperamos!</strong></span></p>
<p>[/et_pb_text][/et_pb_column][/et_pb_row][/et_pb_section]</p>

<p>FERIA PRESENCIAL «cuidaTEtuán» &nbsp; ¿Cuándo? 21 OCTUBRE de 2022 de 11h a 14h ¿Dónde? PLAZA de la REMONTA  &nbsp;HORARIO DE ACTIVIDADES Toda la mañana, podrás participar en diferentes talleres y actividades. Además podrás conocer a las asociaciones y entidades y podrás llevarte un regalo de reucuerdo!.   HORARIO DE ACTUACIONES En el Escenario de Plaza de [&hellip;]</p>
